{"id":2,"date":"2020-12-16T11:19:06","date_gmt":"2020-12-16T11:19:06","guid":{"rendered":"https:\/\/www.eleate.com\/boutique\/?page_id=2"},"modified":"2025-08-25T09:39:04","modified_gmt":"2025-08-25T09:39:04","slug":"partenaires","status":"publish","type":"page","link":"https:\/\/www.eleate.com\/boutique-en-ligne\/partenaires\/","title":{"rendered":"Partenaire en mat\u00e9riel de communication de haute qualit\u00e9"},"content":{"rendered":"\n<div class=\"wp-block-columns is-layout-flex wp-container-core-columns-is-layout-28f84493 wp-block-columns-is-layout-flex\">\n<div class=\"wp-block-column is-layout-flow wp-block-column-is-layout-flow\">\n<p><\/p>\n\n\n\n<h2 class=\"wp-block-heading\">Partenaire en mat\u00e9riel de communication de haute qualit\u00e9<\/h2>\n\n\n\n<p>Eleate est le partenaire officiel de VOGO en France pour tout son materiel depuis plus de 10 ans afin de fournir des services et une exp\u00e9rience professionnel.<\/p>\n<\/div>\n\n\n\n<div class=\"wp-block-column is-layout-flow wp-block-column-is-layout-flow\"><div class=\"wp-block-image\">\n<figure class=\"aligncenter size-full\"><img loading=\"lazy\" decoding=\"async\" width=\"389\" height=\"258\" src=\"https:\/\/www.eleate.com\/boutique-en-ligne\/wp-content\/uploads\/2025\/08\/vogo-eleate.png\" alt=\"\" class=\"wp-image-636\" srcset=\"https:\/\/www.eleate.com\/boutique-en-ligne\/wp-content\/uploads\/2025\/08\/vogo-eleate.png 389w, https:\/\/www.eleate.com\/boutique-en-ligne\/wp-content\/uploads\/2025\/08\/vogo-eleate-300x199.png 300w\" sizes=\"auto, (max-width: 389px) 100vw, 389px\" \/><\/figure>\n<\/div><\/div>\n<\/div>\n\n\n\n<h2 class=\"wp-block-heading has-text-align-center\">Nos clients dans le domaine du sport<\/h2>\n\n\n\n<p class=\"has-text-align-center\">Depuis plusieurs ann\u00e9es Eleate \u00e9quipe sur tous les terrains, les arbitres et les entraineurs de diff\u00e9rentes f\u00e9d\u00e9rations de syst\u00e8mes de radiocommunication num\u00e9rique HF et club de sport, afin de leurs permettre de dialoguer entre eux mais aussi de communiquer avec l&rsquo;arbitre vid\u00e9o.<\/p>\n\n\n\n<div class=\"wp-block-columns clients is-layout-flex wp-container-core-columns-is-layout-28232c24 wp-block-columns-is-layout-flex\" style=\"border-radius:25px\">\n<div class=\"wp-block-column is-vertically-aligned-stretch has-border-color has-white-border-color has-white-background-color has-background is-layout-flow wp-container-core-column-is-layout-8a368f38 wp-block-column-is-layout-flow\" style=\"border-width:10px;border-radius:8px\">\n<p class=\"has-text-align-center has-text-color has-link-color has-normal-font-size wp-elements-37538933481c846a4c23c71da74ce01c\" style=\"color:#798289\"><strong>F\u00e9d\u00e9ration Fran\u00e7aise de Handball<\/strong><\/p>\n<\/div>\n\n\n\n<div class=\"wp-block-column is-vertically-aligned-stretch has-border-color has-white-border-color has-white-background-color has-background is-layout-flow wp-container-core-column-is-layout-8a368f38 wp-block-column-is-layout-flow\" style=\"border-width:10px;border-radius:8px\">\n<p class=\"has-text-align-center has-text-color has-link-color has-normal-font-size wp-elements-06ab1cffa13f28b9356ce5d2eacf954e\" style=\"color:#798289\"><strong>F\u00e9d\u00e9ration Fran\u00e7aise de Rugby<\/strong><\/p>\n<\/div>\n\n\n\n<div class=\"wp-block-column is-vertically-aligned-stretch has-border-color has-white-border-color has-white-background-color has-background is-layout-flow wp-container-core-column-is-layout-8a368f38 wp-block-column-is-layout-flow\" style=\"border-width:10px;border-radius:8px\">\n<p class=\"has-text-align-center has-text-color has-link-color has-normal-font-size wp-elements-2ce84e80fa20b4309df3eb9e31c3fa4a\" style=\"color:#798289\"><strong>Montpelier H\u00e9rault Rugby<\/strong><\/p>\n<\/div>\n\n\n\n<div class=\"wp-block-column is-vertically-aligned-stretch has-border-color has-white-border-color has-white-background-color has-background is-layout-flow wp-container-core-column-is-layout-8a368f38 wp-block-column-is-layout-flow\" style=\"border-width:10px;border-radius:8px\">\n<p class=\"has-text-align-center has-text-color has-link-color has-normal-font-size wp-elements-8f48b9cf52c6e55d046025c05316c37c\" style=\"color:#798289\"><strong>CS Bourgoin-Jailleu<\/strong> <strong>Rugby<\/strong><\/p>\n<\/div>\n\n\n\n<div class=\"wp-block-column is-vertically-aligned-stretch has-border-color has-white-border-color has-white-background-color has-background is-layout-flow wp-container-core-column-is-layout-8a368f38 wp-block-column-is-layout-flow\" style=\"border-width:10px;border-radius:8px\">\n<p class=\"has-text-align-center has-text-color has-link-color has-normal-font-size wp-elements-0cdf55474c6db89f738177f3b1b754d6\" style=\"color:#798289\"><strong>Strasbourg Alsace Rugby<\/strong><\/p>\n<\/div>\n<\/div>\n\n\n\n<div class=\"wp-block-columns clients is-layout-flex wp-container-core-columns-is-layout-28232c24 wp-block-columns-is-layout-flex\" style=\"border-radius:25px\">\n<div class=\"wp-block-column is-vertically-aligned-stretch has-border-color has-white-border-color has-white-background-color has-background is-layout-flow wp-block-column-is-layout-flow\" style=\"border-width:10px;border-radius:8px\">\n<p class=\"has-text-align-center has-text-color has-link-color has-normal-font-size wp-elements-962ea4758b4e21022a2197511f6791e4\" style=\"color:#798289\"><strong>CA Brive<\/strong><\/p>\n<\/div>\n\n\n\n<div class=\"wp-block-column is-vertically-aligned-stretch has-border-color has-white-border-color has-white-background-color has-background is-layout-flow wp-block-column-is-layout-flow\" style=\"border-width:10px;border-radius:8px\">\n<p class=\"has-text-align-center has-text-color has-link-color has-normal-font-size wp-elements-65e8adb1ed48825693f1b56dfcbfeaff\" style=\"color:#798289\"><strong>Aviron Bayonnais<\/strong><\/p>\n<\/div>\n\n\n\n<div class=\"wp-block-column is-vertically-aligned-stretch has-border-color has-white-border-color has-white-background-color has-background is-layout-flow wp-block-column-is-layout-flow\" style=\"border-width:10px;border-radius:8px\">\n<p class=\"has-text-align-center has-text-color has-link-color has-normal-font-size wp-elements-0a3a7009709210c7e289460fe527f396\" style=\"color:#798289\"><strong>AS B\u00e9ziers H\u00e9rault<\/strong><\/p>\n<\/div>\n\n\n\n<div class=\"wp-block-column is-vertically-aligned-stretch has-border-color has-white-border-color has-white-background-color has-background is-layout-flow wp-block-column-is-layout-flow\" style=\"border-width:10px;border-radius:8px\">\n<p class=\"has-text-align-center has-text-color has-link-color has-normal-font-size wp-elements-8844ef893a5c6cd9e974e73d25f380fb\" style=\"color:#798289\"><strong>Castre Olympique<\/strong><\/p>\n<\/div>\n\n\n\n<div class=\"wp-block-column is-vertically-aligned-stretch has-border-color has-white-border-color has-white-background-color has-background is-layout-flow wp-block-column-is-layout-flow\" style=\"border-width:10px;border-radius:8px\">\n<p class=\"has-text-align-center has-text-color has-link-color has-normal-font-size wp-elements-4f2fe64222ce26fe9bd06dcc4fb64c0c\" style=\"color:#798289\"><strong>Stade Fran\u00e7ais<\/strong><\/p>\n<\/div>\n<\/div>\n\n\n\n<div class=\"wp-block-columns clients is-layout-flex wp-container-core-columns-is-layout-28232c24 wp-block-columns-is-layout-flex\" style=\"border-radius:25px\">\n<div class=\"wp-block-column is-vertically-aligned-stretch has-border-color has-white-border-color has-white-background-color has-background is-layout-flow wp-block-column-is-layout-flow\" style=\"border-width:10px;border-radius:8px\">\n<p class=\"has-text-align-center has-text-color has-link-color has-normal-font-size wp-elements-322d701fc08c2e2828d3cf91ed34933f\" style=\"color:#798289\"><strong>USA Limoge<\/strong><\/p>\n<\/div>\n\n\n\n<div class=\"wp-block-column is-vertically-aligned-stretch has-border-color has-white-border-color has-white-background-color has-background is-layout-flow wp-block-column-is-layout-flow\" style=\"border-width:10px;border-radius:8px\">\n<p class=\"has-text-align-center has-text-color has-link-color has-normal-font-size wp-elements-429906ed11cda22543dbdbedf61441b2\" style=\"color:#798289\"><strong>Stade Montois<\/strong><\/p>\n<\/div>\n\n\n\n<div class=\"wp-block-column is-vertically-aligned-stretch has-border-color has-white-border-color has-white-background-color has-background is-layout-flow wp-block-column-is-layout-flow\" style=\"border-width:10px;border-radius:8px\">\n<p class=\"has-text-align-center has-text-color has-link-color has-normal-font-size wp-elements-b43c3b8f65a5b9a2c4c723f4522dfbc1\" style=\"color:#798289\"><strong>US Montauban<\/strong> <\/p>\n<\/div>\n\n\n\n<div class=\"wp-block-column is-vertically-aligned-stretch has-border-color has-white-border-color has-white-background-color has-background is-layout-flow wp-block-column-is-layout-flow\" style=\"border-width:10px;border-radius:8px\">\n<p class=\"has-text-align-center has-text-color has-link-color has-normal-font-size wp-elements-f5f4b534f536414c655921616aa1e473\" style=\"color:#798289\"><strong>US Dax<\/strong><\/p>\n<\/div>\n\n\n\n<div class=\"wp-block-column is-vertically-aligned-stretch has-border-color has-white-border-color has-white-background-color has-background is-layout-flow wp-block-column-is-layout-flow\" style=\"border-width:10px;border-radius:8px\">\n<p class=\"has-text-align-center has-text-color has-link-color has-normal-font-size wp-elements-e6fa260b864f509fdfb5dfc32f793d25\" style=\"color:#798289\"><strong>Racing 32<\/strong><\/p>\n<\/div>\n<\/div>\n\n\n\n<div class=\"wp-block-columns is-layout-flex wp-container-core-columns-is-layout-4c1dd492 wp-block-columns-is-layout-flex\" style=\"margin-top:var(--wp--preset--spacing--80);margin-bottom:var(--wp--preset--spacing--80)\">\n<div class=\"wp-block-column is-layout-flow wp-block-column-is-layout-flow\">\n<p> <\/p>\n\n\n\n<h2 class=\"wp-block-heading\">Nos clients de la radio num\u00e9rique<\/h2>\n\n\n\n<p>Sp\u00e9cialiste du conseil sur la num\u00e9risation des diff\u00e9rents outils de production et de diffusion des radios FM. La num\u00e9risation des outils de production chez les op\u00e9rateurs radio a beaucoup modifi\u00e9 et transform\u00e9 les m\u00e9thodes d\u2019exploitation pour plusieurs de ces clients.<\/p>\n<\/div>\n\n\n\n<div class=\"wp-block-column is-layout-flow wp-container-core-column-is-layout-8a368f38 wp-block-column-is-layout-flow\">\n<div class=\"wp-block-columns clients is-layout-flex wp-container-core-columns-is-layout-3a80d1f6 wp-block-columns-is-layout-flex\" style=\"margin-top:0;margin-bottom:0\">\n<div class=\"wp-block-column is-vertically-aligned-stretch has-border-color has-white-border-color has-white-background-color has-background is-layout-flow wp-block-column-is-layout-flow\" style=\"border-width:10px;border-radius:8px\">\n<p class=\"has-text-align-center has-text-color has-link-color has-normal-font-size wp-elements-1541f974a1ae589ba253dd6288f7125f\" style=\"color:#798289\"><strong>Radio Vinci Autoroute<\/strong><\/p>\n<\/div>\n\n\n\n<div class=\"wp-block-column is-vertically-aligned-stretch has-border-color has-white-border-color has-white-background-color has-background is-layout-flow wp-block-column-is-layout-flow\" style=\"border-width:10px;border-radius:8px\">\n<p class=\"has-text-align-center has-text-color has-link-color has-normal-font-size wp-elements-3e003f36b10b71c2eb7ff20d04b300b4\" style=\"color:#798289\"><strong>Radio Classique<\/strong><\/p>\n<\/div>\n<\/div>\n\n\n\n<div class=\"wp-block-columns clients is-layout-flex wp-container-core-columns-is-layout-3a80d1f6 wp-block-columns-is-layout-flex\" style=\"margin-top:0;margin-bottom:0\">\n<div class=\"wp-block-column is-vertically-aligned-stretch has-border-color has-white-border-color has-white-background-color has-background is-layout-flow wp-block-column-is-layout-flow\" style=\"border-width:10px;border-radius:8px\">\n<p class=\"has-text-align-center has-text-color has-link-color has-normal-font-size wp-elements-cd2f65a9e770342a907d6272301ee7cd\" style=\"color:#798289\"><strong>SAPN<\/strong><\/p>\n<\/div>\n\n\n\n<div class=\"wp-block-column is-vertically-aligned-stretch has-border-color has-white-border-color has-white-background-color has-background is-layout-flow wp-block-column-is-layout-flow\" style=\"border-width:10px;border-radius:8px\">\n<p class=\"has-text-align-center has-text-color has-link-color has-normal-font-size wp-elements-26e1c14d3a550a30f45e3c0bb98654f6\" style=\"color:#798289\"><strong>SANEF<\/strong><\/p>\n<\/div>\n<\/div>\n\n\n\n<div class=\"wp-block-columns clients is-layout-flex wp-container-core-columns-is-layout-3a80d1f6 wp-block-columns-is-layout-flex\" style=\"margin-top:0;margin-bottom:0\">\n<div class=\"wp-block-column is-vertically-aligned-stretch has-border-color has-white-border-color has-white-background-color has-background is-layout-flow wp-block-column-is-layout-flow\" style=\"border-width:10px;border-radius:8px\">\n<p class=\"has-text-align-center has-text-color has-link-color has-normal-font-size wp-elements-fd082b3374ad82809d1b035deefe53d9\" style=\"color:#798289\"><strong>BFM<\/strong><\/p>\n<\/div>\n\n\n\n<div class=\"wp-block-column is-vertically-aligned-stretch has-border-color has-white-border-color has-white-background-color has-background is-layout-flow wp-block-column-is-layout-flow\" style=\"border-width:10px;border-radius:8px\">\n<p class=\"has-text-align-center has-text-color has-link-color has-normal-font-size wp-elements-4ac673e029b229160a6d42d54f4e5a46\" style=\"color:#798289\"><strong>Super Loustique<\/strong><\/p>\n<\/div>\n<\/div>\n<\/div>\n<\/div>\n","protected":false},"excerpt":{"rendered":"<p>Partenaire en mat\u00e9riel de communication de haute qualit\u00e9 Eleate est le partenaire officiel de VOGO en France pour tout son materiel depuis plus de 10 ans afin de fournir des services et une exp\u00e9rience professionnel. Nos clients dans le domaine du sport Depuis plusieurs ann\u00e9es Eleate \u00e9quipe sur tous les terrains, les arbitres et les [&hellip;]<\/p>\n","protected":false},"author":1,"featured_media":0,"parent":0,"menu_order":0,"comment_status":"closed","ping_status":"open","template":"","meta":{"footnotes":""},"folder":[],"class_list":["post-2","page","type-page","status-publish","hentry"],"yoast_head":"<!-- This site is optimized with the Yoast SEO plugin v27.4 - https:\/\/yoast.com\/product\/yoast-seo-wordpress\/ -->\n<title>Partenaire en mat\u00e9riel de communication de haute qualit\u00e9 - Eleate Boutique<\/title>\n<meta name=\"robots\" content=\"index, follow, max-snippet:-1, max-image-preview:large, max-video-preview:-1\" \/>\n<link rel=\"canonical\" href=\"https:\/\/www.eleate.com\/boutique-en-ligne\/partenaires\/\" \/>\n<meta property=\"og:locale\" content=\"fr_FR\" \/>\n<meta property=\"og:type\" content=\"article\" \/>\n<meta property=\"og:title\" content=\"Partenaire en mat\u00e9riel de communication de haute qualit\u00e9 - Eleate Boutique\" \/>\n<meta property=\"og:description\" content=\"Partenaire en mat\u00e9riel de communication de haute qualit\u00e9 Eleate est le partenaire officiel de VOGO en France pour tout son materiel depuis plus de 10 ans afin de fournir des services et une exp\u00e9rience professionnel. Nos clients dans le domaine du sport Depuis plusieurs ann\u00e9es Eleate \u00e9quipe sur tous les terrains, les arbitres et les [&hellip;]\" \/>\n<meta property=\"og:url\" content=\"https:\/\/www.eleate.com\/boutique-en-ligne\/partenaires\/\" \/>\n<meta property=\"og:site_name\" content=\"Eleate Boutique\" \/>\n<meta property=\"article:modified_time\" content=\"2025-08-25T09:39:04+00:00\" \/>\n<meta property=\"og:image\" content=\"https:\/\/www.eleate.com\/boutique-en-ligne\/wp-content\/uploads\/2025\/08\/vogo-eleate.png\" \/>\n\t<meta property=\"og:image:width\" content=\"389\" \/>\n\t<meta property=\"og:image:height\" content=\"258\" \/>\n\t<meta property=\"og:image:type\" content=\"image\/png\" \/>\n<meta name=\"twitter:card\" content=\"summary_large_image\" \/>\n<meta name=\"twitter:label1\" content=\"Dur\u00e9e de lecture estim\u00e9e\" \/>\n\t<meta name=\"twitter:data1\" content=\"5 minutes\" \/>\n<script type=\"application\/ld+json\" class=\"yoast-schema-graph\">{\"@context\":\"https:\\\/\\\/schema.org\",\"@graph\":[{\"@type\":\"WebPage\",\"@id\":\"https:\\\/\\\/www.eleate.com\\\/boutique-en-ligne\\\/partenaires\\\/\",\"url\":\"https:\\\/\\\/www.eleate.com\\\/boutique-en-ligne\\\/partenaires\\\/\",\"name\":\"Partenaire en mat\u00e9riel de communication de haute qualit\u00e9 - Eleate Boutique\",\"isPartOf\":{\"@id\":\"https:\\\/\\\/www.eleate.com\\\/boutique-en-ligne\\\/#website\"},\"primaryImageOfPage\":{\"@id\":\"https:\\\/\\\/www.eleate.com\\\/boutique-en-ligne\\\/partenaires\\\/#primaryimage\"},\"image\":{\"@id\":\"https:\\\/\\\/www.eleate.com\\\/boutique-en-ligne\\\/partenaires\\\/#primaryimage\"},\"thumbnailUrl\":\"https:\\\/\\\/www.eleate.com\\\/boutique-en-ligne\\\/wp-content\\\/uploads\\\/2025\\\/08\\\/vogo-eleate.png\",\"datePublished\":\"2020-12-16T11:19:06+00:00\",\"dateModified\":\"2025-08-25T09:39:04+00:00\",\"breadcrumb\":{\"@id\":\"https:\\\/\\\/www.eleate.com\\\/boutique-en-ligne\\\/partenaires\\\/#breadcrumb\"},\"inLanguage\":\"fr-FR\",\"potentialAction\":[{\"@type\":\"ReadAction\",\"target\":[\"https:\\\/\\\/www.eleate.com\\\/boutique-en-ligne\\\/partenaires\\\/\"]}]},{\"@type\":\"ImageObject\",\"inLanguage\":\"fr-FR\",\"@id\":\"https:\\\/\\\/www.eleate.com\\\/boutique-en-ligne\\\/partenaires\\\/#primaryimage\",\"url\":\"https:\\\/\\\/www.eleate.com\\\/boutique-en-ligne\\\/wp-content\\\/uploads\\\/2025\\\/08\\\/vogo-eleate.png\",\"contentUrl\":\"https:\\\/\\\/www.eleate.com\\\/boutique-en-ligne\\\/wp-content\\\/uploads\\\/2025\\\/08\\\/vogo-eleate.png\",\"width\":389,\"height\":258},{\"@type\":\"BreadcrumbList\",\"@id\":\"https:\\\/\\\/www.eleate.com\\\/boutique-en-ligne\\\/partenaires\\\/#breadcrumb\",\"itemListElement\":[{\"@type\":\"ListItem\",\"position\":1,\"name\":\"Home\",\"item\":\"https:\\\/\\\/www.eleate.com\\\/boutique-en-ligne\\\/\"},{\"@type\":\"ListItem\",\"position\":2,\"name\":\"Partenaire en mat\u00e9riel de communication de haute qualit\u00e9\"}]},{\"@type\":\"WebSite\",\"@id\":\"https:\\\/\\\/www.eleate.com\\\/boutique-en-ligne\\\/#website\",\"url\":\"https:\\\/\\\/www.eleate.com\\\/boutique-en-ligne\\\/\",\"name\":\"Eleate Boutique\",\"description\":\"Prestations technique et t\u00e9l\u00e9phonique pour tous vos \u00e9v\u00e8nements, et ce sur l&#039;ensemble de la France m\u00e9tropolitaine.\",\"publisher\":{\"@id\":\"https:\\\/\\\/www.eleate.com\\\/boutique-en-ligne\\\/#organization\"},\"potentialAction\":[{\"@type\":\"SearchAction\",\"target\":{\"@type\":\"EntryPoint\",\"urlTemplate\":\"https:\\\/\\\/www.eleate.com\\\/boutique-en-ligne\\\/?s={search_term_string}\"},\"query-input\":{\"@type\":\"PropertyValueSpecification\",\"valueRequired\":true,\"valueName\":\"search_term_string\"}}],\"inLanguage\":\"fr-FR\"},{\"@type\":\"Organization\",\"@id\":\"https:\\\/\\\/www.eleate.com\\\/boutique-en-ligne\\\/#organization\",\"name\":\"Eleate Boutique\",\"url\":\"https:\\\/\\\/www.eleate.com\\\/boutique-en-ligne\\\/\",\"logo\":{\"@type\":\"ImageObject\",\"inLanguage\":\"fr-FR\",\"@id\":\"https:\\\/\\\/www.eleate.com\\\/boutique-en-ligne\\\/#\\\/schema\\\/logo\\\/image\\\/\",\"url\":\"https:\\\/\\\/www.eleate.com\\\/boutique-en-ligne\\\/wp-content\\\/uploads\\\/2020\\\/12\\\/cropped-eleate.png\",\"contentUrl\":\"https:\\\/\\\/www.eleate.com\\\/boutique-en-ligne\\\/wp-content\\\/uploads\\\/2020\\\/12\\\/cropped-eleate.png\",\"width\":186,\"height\":34,\"caption\":\"Eleate Boutique\"},\"image\":{\"@id\":\"https:\\\/\\\/www.eleate.com\\\/boutique-en-ligne\\\/#\\\/schema\\\/logo\\\/image\\\/\"}}]}<\/script>\n<!-- \/ Yoast SEO plugin. -->","yoast_head_json":{"title":"Partenaire en mat\u00e9riel de communication de haute qualit\u00e9 - Eleate Boutique","robots":{"index":"index","follow":"follow","max-snippet":"max-snippet:-1","max-image-preview":"max-image-preview:large","max-video-preview":"max-video-preview:-1"},"canonical":"https:\/\/www.eleate.com\/boutique-en-ligne\/partenaires\/","og_locale":"fr_FR","og_type":"article","og_title":"Partenaire en mat\u00e9riel de communication de haute qualit\u00e9 - Eleate Boutique","og_description":"Partenaire en mat\u00e9riel de communication de haute qualit\u00e9 Eleate est le partenaire officiel de VOGO en France pour tout son materiel depuis plus de 10 ans afin de fournir des services et une exp\u00e9rience professionnel. Nos clients dans le domaine du sport Depuis plusieurs ann\u00e9es Eleate \u00e9quipe sur tous les terrains, les arbitres et les [&hellip;]","og_url":"https:\/\/www.eleate.com\/boutique-en-ligne\/partenaires\/","og_site_name":"Eleate Boutique","article_modified_time":"2025-08-25T09:39:04+00:00","og_image":[{"width":389,"height":258,"url":"https:\/\/www.eleate.com\/boutique-en-ligne\/wp-content\/uploads\/2025\/08\/vogo-eleate.png","type":"image\/png"}],"twitter_card":"summary_large_image","twitter_misc":{"Dur\u00e9e de lecture estim\u00e9e":"5 minutes"},"schema":{"@context":"https:\/\/schema.org","@graph":[{"@type":"WebPage","@id":"https:\/\/www.eleate.com\/boutique-en-ligne\/partenaires\/","url":"https:\/\/www.eleate.com\/boutique-en-ligne\/partenaires\/","name":"Partenaire en mat\u00e9riel de communication de haute qualit\u00e9 - Eleate Boutique","isPartOf":{"@id":"https:\/\/www.eleate.com\/boutique-en-ligne\/#website"},"primaryImageOfPage":{"@id":"https:\/\/www.eleate.com\/boutique-en-ligne\/partenaires\/#primaryimage"},"image":{"@id":"https:\/\/www.eleate.com\/boutique-en-ligne\/partenaires\/#primaryimage"},"thumbnailUrl":"https:\/\/www.eleate.com\/boutique-en-ligne\/wp-content\/uploads\/2025\/08\/vogo-eleate.png","datePublished":"2020-12-16T11:19:06+00:00","dateModified":"2025-08-25T09:39:04+00:00","breadcrumb":{"@id":"https:\/\/www.eleate.com\/boutique-en-ligne\/partenaires\/#breadcrumb"},"inLanguage":"fr-FR","potentialAction":[{"@type":"ReadAction","target":["https:\/\/www.eleate.com\/boutique-en-ligne\/partenaires\/"]}]},{"@type":"ImageObject","inLanguage":"fr-FR","@id":"https:\/\/www.eleate.com\/boutique-en-ligne\/partenaires\/#primaryimage","url":"https:\/\/www.eleate.com\/boutique-en-ligne\/wp-content\/uploads\/2025\/08\/vogo-eleate.png","contentUrl":"https:\/\/www.eleate.com\/boutique-en-ligne\/wp-content\/uploads\/2025\/08\/vogo-eleate.png","width":389,"height":258},{"@type":"BreadcrumbList","@id":"https:\/\/www.eleate.com\/boutique-en-ligne\/partenaires\/#breadcrumb","itemListElement":[{"@type":"ListItem","position":1,"name":"Home","item":"https:\/\/www.eleate.com\/boutique-en-ligne\/"},{"@type":"ListItem","position":2,"name":"Partenaire en mat\u00e9riel de communication de haute qualit\u00e9"}]},{"@type":"WebSite","@id":"https:\/\/www.eleate.com\/boutique-en-ligne\/#website","url":"https:\/\/www.eleate.com\/boutique-en-ligne\/","name":"Eleate Boutique","description":"Prestations technique et t\u00e9l\u00e9phonique pour tous vos \u00e9v\u00e8nements, et ce sur l&#039;ensemble de la France m\u00e9tropolitaine.","publisher":{"@id":"https:\/\/www.eleate.com\/boutique-en-ligne\/#organization"},"potentialAction":[{"@type":"SearchAction","target":{"@type":"EntryPoint","urlTemplate":"https:\/\/www.eleate.com\/boutique-en-ligne\/?s={search_term_string}"},"query-input":{"@type":"PropertyValueSpecification","valueRequired":true,"valueName":"search_term_string"}}],"inLanguage":"fr-FR"},{"@type":"Organization","@id":"https:\/\/www.eleate.com\/boutique-en-ligne\/#organization","name":"Eleate Boutique","url":"https:\/\/www.eleate.com\/boutique-en-ligne\/","logo":{"@type":"ImageObject","inLanguage":"fr-FR","@id":"https:\/\/www.eleate.com\/boutique-en-ligne\/#\/schema\/logo\/image\/","url":"https:\/\/www.eleate.com\/boutique-en-ligne\/wp-content\/uploads\/2020\/12\/cropped-eleate.png","contentUrl":"https:\/\/www.eleate.com\/boutique-en-ligne\/wp-content\/uploads\/2020\/12\/cropped-eleate.png","width":186,"height":34,"caption":"Eleate Boutique"},"image":{"@id":"https:\/\/www.eleate.com\/boutique-en-ligne\/#\/schema\/logo\/image\/"}}]}},"jetpack_sharing_enabled":true,"_links":{"self":[{"href":"https:\/\/www.eleate.com\/boutique-en-ligne\/wp-json\/wp\/v2\/pages\/2","targetHints":{"allow":["GET"]}}],"collection":[{"href":"https:\/\/www.eleate.com\/boutique-en-ligne\/wp-json\/wp\/v2\/pages"}],"about":[{"href":"https:\/\/www.eleate.com\/boutique-en-ligne\/wp-json\/wp\/v2\/types\/page"}],"author":[{"embeddable":true,"href":"https:\/\/www.eleate.com\/boutique-en-ligne\/wp-json\/wp\/v2\/users\/1"}],"replies":[{"embeddable":true,"href":"https:\/\/www.eleate.com\/boutique-en-ligne\/wp-json\/wp\/v2\/comments?post=2"}],"version-history":[{"count":24,"href":"https:\/\/www.eleate.com\/boutique-en-ligne\/wp-json\/wp\/v2\/pages\/2\/revisions"}],"predecessor-version":[{"id":703,"href":"https:\/\/www.eleate.com\/boutique-en-ligne\/wp-json\/wp\/v2\/pages\/2\/revisions\/703"}],"wp:attachment":[{"href":"https:\/\/www.eleate.com\/boutique-en-ligne\/wp-json\/wp\/v2\/media?parent=2"}],"wp:term":[{"taxonomy":"folder","embeddable":true,"href":"https:\/\/www.eleate.com\/boutique-en-ligne\/wp-json\/wp\/v2\/folder?post=2"}],"curies":[{"name":"wp","href":"https:\/\/api.w.org\/{rel}","templated":true}]}}